e remainder when a(-11) is divided by 181?
179
Let y be (-6 + 54/12)*248/6. Let i = -59 - y. Suppose 4*s + 5*x = 172, -2*s + 0*s - i*x + 86 = 0. Calculate the remainder when 123 is divided by s.
37
Calculate the remainder when 777 is divided by (-80938)/(-429) - 28/(-12).
13
Let x = 54 + -81. Let s = 29 + x. Suppose 0 = -5*b + s*a + 668, 248 = 2*b + a + 3*a. Calculate the remainder when b is divided by 15.
12
Let c(l) = -l**3 - 5*l**2 + 7*l + 3. Let y = 124 - 118. Calculate the remainder when c(-8) is divided by (-42)/y*(-3 + (2 - 4)).
34
Let k(x) = -x**3 + 16*x**2 + 25*x - 151. Calculate the remainder when 478 is divided by k(16).
229
Suppose 0 = -5*w + 4*r + 131, 5*w - r = 3*w + 53. What is the remainder when 71 is divided by w?
17
Let y = -61500 + 61594. Calculate the remainder when y is divided by (16/10)/(3/15).
6
Let i(w) = -w**3 + 6*w**2 + 11*w - 7. Let f = -39 - -47. What is the remainder when i(7) is divided by (-28)/f*72/(-42)?
3
Let k(y) = -1089*y + 3294. Calculate the remainder when 969 is divided by k(3).
24
What is the remainder when -1*8/(-6)*154380/248 is divided by 17?
14
Let c = -4924 + 5076. Calculate the remainder when 652 is divided by c.
44
Suppose 95331 + 1839 = 164*s - 7790. What is the remainder when s is divided by 19?
13
Let c = 220 + -220. Suppose -27*n + 32*n - 285 = c. What is the remainder when n is divided by (10/3)/(4/36)?
27
Suppose 2*w + 1 - 5 = 0. Let g(p) = 314307*p - 314193. Calculate the remainder when g(1) is divided by w*((-87)/(-2))/3.
27
Suppose 5*k + 6*u - 170 = 0, 4*k - 119 = -3*u + 8. What is the remainder when 11225 is divided by k?
25
Let s(m) = 6*m**2 + 4*m - 5. Let i(n) = -68*n + 13360. What is the remainder when i(191) is divided by s(-4)?
72
Let c be -6*1/4*-2. Suppose -c*d = -118 + 34. Calculate the remainder when d is divided by -4*2/(-8) + 15.
12
Suppose -d - 2*d - 5*w = -48, -3*d = -2*w - 27. Let i(x) = 9*x**2 + 2. Calculate the remainder when i(2) is divided by d.
5
Let j(d) = -12*d - 258. Let b be j(33). Let h = b + 917. Calculate the remainder when h is divided by 81.
20
Suppose 6384 + 1008 = 32*o. Calculate the remainder when o is divided by 83.
65
Let u(z) = -z**2 - z + 2. Let v be u(1). Suppose v = 3*m - t - 3*t - 228, -m + t = -76. What is the remainder when m is divided by 16?
12
Let s(m) = 4*m**2 - 100*m + 52. What is the remainder when 10919 is divided by s(26)?
155
Suppose 232*u + 7788 = 265*u. What is the remainder when 3761 is divided by u?
221
Suppose -13*q + 3014 = -2*q. Suppose -q - 381 = -5*v. Let c = v - 22. Calculate the remainder when c is divided by 28.
25
Let j(c) = 20*c + 149. Let v be j(-6). Suppose b - v = -3*y, -4*b = y - 3*y - 102. Calculate the remainder when 92 is divided by b.
14
Suppose -43852 + 4265 = 4*c - 35*c. Calculate the remainder when c is divided by 183.
179
Let h be ((-1)/5 + (-9)/30)*0. Suppose -10*b + 12 - 52 = h. Calculate the remainder when 4/2 + (b/(-2) - -209) is divided by 54.
51
Let n(k) = 6 + 4*k**2 + 5 + 3*k**2 + 1 + 4 - 12*k. Calculate the remainder when n(4) is divided by 15.
5
Let t = -23201 + 23220. What is the remainder when t is divided by 2?
1
Suppose -w - 9 = 2*w, 3*w = m - 42. Let r be ((-6 - -1) + 8)/(0 + 1). What is the remainder when m is divided by 6/r + 15/3?
5
Calculate the remainder when ((-29)/(-116))/(2/(-8)) - 6923/(-7) is divided by 16.
12
Let r(d) = 5*d**3 - 294*d**2 - 59*d + 18. Let c = -7 + 7. Suppose 4*i + 5*k - 341 = c, 423 = 5*i + 3*k - 0*k. What is the remainder when i is divided by r(59)?
12
Let j(q) = -17*q + 879. Suppose 6*w = 277 + 275. What is the remainder when w is divided by j(50)?
5
Calculate the remainder when (-12)/(-108)*-3 - (-4 + (-24568)/12) is divided by 681.
8
Let u(a) = -196*a**3 - 3*a**2 + 2*a + 1. Let c be u(-1). Let j = -161 + c. Let t = 17 - 6. What is the remainder when j is divided by t?
9
Suppose -109 - 35 = -4*h. Suppose -98*x + 93*x = 4*r - 82, -2*r - 50 = -4*x. What is the remainder when h is divided by x?
8
Suppose -7 = -5*q + 298. Let a = 22272 - 22255. Calculate the remainder when q is divided by a.
10
Let l = 13371 + -13347. What is the remainder when 2006 is divided by l?
14
Let o(f) = -f**2 + 14*f - 55. Let j be o(18). Let i = j - -154. Calculate the remainder when i is divided by 14.
13
Suppose -2*z = -3*c - 1286, -4*c = 13 - 5. Calculate the remainder when z is divided by 46.
42
Suppose 2*w - 474 = -0*w. Let n = w + -138. Suppose -160 + 1385 = 49*g. Calculate the remainder when n is divided by g.
24
Let j(r) = -8*r**3 + r**2 - 11*r - 11. Calculate the remainder when 6658 is divided by j(-1).
7
Suppose 26 = 5*j - 19. Suppose -4*m + j*m - 240 = 0. Let g = m - 34. Calculate the remainder when 54 is divided by g.
12
Suppose -79 = -5*v + 3*k, 0 = -7*v + 2*v - k + 87. Suppose 5*u - v = -z + 16, -4*z + u = -48. Calculate the remainder when 102 is divided by z.
11
Suppose 5*a - 925 = p, -14*a + 10*a + 4*p + 724 = 0. Suppose 27*b - 273 = a. What is the remainder when 63 is divided by b?
12
Let q be 7/14*467*2. Let w = q + -380. What is the remainder when 87 is divided by w?
0
Let y(d) = -d**2 + 10*d + 58. Let z be y(14). Suppose 4*a - 170 = -s, 2*a - z*s - 120 = -30. What is the remainder when a is divided by 18?
7
Let t(z) = 116*z + 82. Let c be t(-2). Let m = c + 154. Let w(l) = -l**2 - 6*l - 4. What is the remainder when m is divided by w(-4)?
0
Suppose -83*n - v = -85*n + 27, 0 = -4*n + v + 53. What is the remainder when 1413 is divided by n?
9
What is the remainder when 68 is divided by (-13938)/(-345) - 2/5?
28
Suppose -3*x - 36*z + 31*z = -1153, -4*x + 1514 = -5*z. Calculate the remainder when x is divided by 86.
37
Suppose 662 - 203 = 17*b. Let g = 389 - 379. Calculate the remainder when b is divided by g.
7
Suppose 21*v = 5*v + 1552. Calculate the remainder when v is divided by 14.
13
Suppose 41*m - 38*m = 4*f + 1509, -5*m + 2515 = -5*f. What is the remainder when m is divided by 38?
9
Suppose -1653 = -37*z - 294 + 269. Calculate the remainder when 545 is divided by z.
17
Suppose -96 = -6*i - 2*i. Suppose i*v + 10 - 46 = 0. Suppose v*d + c - 71 + 10 = 0, 0 = -5*d - 2*c + 103. Calculate the remainder when d is divided by 11.
8
Let f = -8116 + 8580. Calculate the remainder when f is divided by 31.
30
Let s(w) = -2*w**3 - 32*w**2 + 8*w + 137. Suppose -3*x + 61 = -26. Let c = x + -4. What is the remainder when c is divided by s(-16)?
7
Suppose -r + 34 = -4*t, 4*r + 107*t - 121 = 108*t. Calculate the remainder when 713 is divided by r.
23
Let q = -300 - -423. Suppose -37*z + 4498 = -1903. Let c = z - q. Calculate the remainder when c is divided by 18.
14
Let y = 352 + -350. Suppose 3*i + 4*x = y*x + 719, 458 = 2*i - 4*x. Calculate the remainder when i is divided by 12.
9
Suppose -2*u + 2455 = d + 4*d, -u = -3*d + 1462. Suppose -4*f + d = 21. Calculate the remainder when f is divided by 32.
21
Suppose 0*c = 5*c - 20. Calculate the remainder when -77*(3 - c/1) is divided by 20.
17
Let m = 30 + -7. Let i = m + -20. Suppose i*p - 99 = 12. What is the remainder when p is divided by 20?
17
Suppose 4*f + 3*j = 31, -9*f + 8*f + 19 = 3*j. Calculate the remainder when 31 - f/(-1) - 6 is divided by 6 + 0/2 + -1.
4
Let u be -10 + 6 + (-1879)/(-1) - 5. Suppose -17*h - 17*h = -u. Calculate the remainder when 108 is divided by h.
53
Suppose 2*k - 7*k + 120 = 0. Let y(i) = 677*i - 3897. What is the remainder when y(6) is divided by k?
21
Let n = 17 - -9. Let g(l) = l**3 + 20*l**2 + 10. Let m be g(-20). Calculate the remainder when 120/(11 - 5)*76/m is divided by n.
22
Calculate the remainder when 1193 is divided by (-37 - -97)/(6/38).
53
Suppose -12 = 4*d - d, 5*l - 2*d - 3 = 0. Let x(c) = -67*c - 15. Calculate the remainder when x(l) is divided by 13.
0
Calculate the remainder when 3893 is divided by 1 + 20 - 1/(6/(-72)).
32
Suppose -25*v + 26*v = 21. Suppose -15*b - 324 = -v*b. Let c(f) = f**3 + 19*f**2 + 16*f - 4. Calculate the remainder when b is divided by c(-18).
22
Let v = 35460 + -35291. Calculate the remainder when 53910 is divided by v.
168
What is the remainder when ((-37056)/(-1536))/(2/3*(-9)/(-336)*7) is divided by 4/(-18) - 587/(-9)?
63
Suppose 12*x - 136 - 1208 = 0. What is the remainder when x is divided by 9?
4
Let b(i) = 8*i**2 - 2*i - 17. Suppose r - 25 = -2*w + w, -63 = -